{"id":101,"date":"2021-06-04T15:17:02","date_gmt":"2021-06-04T15:17:02","guid":{"rendered":"https:\/\/www.jalkahoitajahangelin.fi\/?page_id=101"},"modified":"2021-06-04T18:54:56","modified_gmt":"2021-06-04T18:54:56","slug":"tietosuojaseloste","status":"publish","type":"page","link":"https:\/\/www.jalkahoitajahangelin.fi\/index.php\/tietosuojaseloste\/","title":{"rendered":"Tietosuojaseloste"},"content":{"rendered":"<div id=\"pl-101\"  class=\"panel-layout\" ><div id=\"pg-101-0\"  class=\"panel-grid panel-no-style\" ><div id=\"pgc-101-0-0\"  class=\"panel-grid-cell\" ><div id=\"panel-101-0-0-0\" class=\"so-panel widget widget_sow-editor panel-first-child panel-last-child\" data-index=\"0\" ><div class=\"so-widget-sow-editor so-widget-sow-editor-base\">\n<div class=\"siteorigin-widget-tinymce textwidget\">\n\t<p style=\"text-align: left;\">EU:n asetusten mukaisesti, mik\u00e4li yrityksell\u00e4 on yhteydenottolomake, tulee asiakkaita informoida tietojen luovutuksesta.<\/p>\n<p>&nbsp;<\/p>\n<p>- Emme pid\u00e4 asiakasrekisteri\u00e4 t\u00e4m\u00e4n sivuston lomakkeilla annetuilla tiedoilla.<\/p>\n<p>- Kaikki luovuttamasi tieto on pelk\u00e4st\u00e4\u00e4n haluamaanne yhteydenottoa varten.<\/p>\n<p>- Emme luovuta tietojasi yrityksen ulkopuolisille tahoille.<\/p>\n<p>- Emme k\u00e4yt\u00e4 ev\u00e4steit\u00e4.<\/p>\n<p>&nbsp;<\/p>\n<p style=\"text-align: left;\">Mik\u00e4li sinulla on kysytt\u00e4v\u00e4\u00e4, ottakaa yhteytt\u00e4 <a href=\"https:\/\/www.jalkahoitajahangelin.fi\/index.php\/yhteystiedot\/\">yritt\u00e4j\u00e4\u00e4n<\/a>.<\/p>\n<\/div>\n<\/div><\/div><\/div><\/div><\/div>","protected":false},"excerpt":{"rendered":"<p>EU:n asetusten mukaisesti, mik\u00e4li yrityksell\u00e4 on yhteydenottolomake, tulee asiakkaita informoida tietojen luovutuksesta. &nbsp; &#8211; Emme pid\u00e4 asiakasrekisteri\u00e4 t\u00e4m\u00e4n sivuston lomakkeilla annetuilla tiedoilla. &#8211; Kaikki luovuttamasi tieto on pelk\u00e4st\u00e4\u00e4n haluamaanne yhteydenottoa varten. &#8211; Emme luovuta tietojasi yrityksen ulkopuolisille tahoille. &#8211; Emme k\u00e4yt\u00e4 ev\u00e4steit\u00e4. &nbsp; Mik\u00e4li sinulla on kysytt\u00e4v\u00e4\u00e4, ottakaa yhteytt\u00e4 yritt\u00e4j\u00e4\u00e4n.<\/p>\n","protected":false},"author":1,"featured_media":0,"parent":0,"menu_order":0,"comment_status":"closed","ping_status":"closed","template":"","meta":{"extendify_custom_stylesheet":""},"_links":{"self":[{"href":"https:\/\/www.jalkahoitajahangelin.fi\/index.php\/wp-json\/wp\/v2\/pages\/101"}],"collection":[{"href":"https:\/\/www.jalkahoitajahangelin.fi\/index.php\/wp-json\/wp\/v2\/pages"}],"about":[{"href":"https:\/\/www.jalkahoitajahangelin.fi\/index.php\/wp-json\/wp\/v2\/types\/page"}],"author":[{"embeddable":true,"href":"https:\/\/www.jalkahoitajahangelin.fi\/index.php\/wp-json\/wp\/v2\/users\/1"}],"replies":[{"embeddable":true,"href":"https:\/\/www.jalkahoitajahangelin.fi\/index.php\/wp-json\/wp\/v2\/comments?post=101"}],"version-history":[{"count":3,"href":"https:\/\/www.jalkahoitajahangelin.fi\/index.php\/wp-json\/wp\/v2\/pages\/101\/revisions"}],"predecessor-version":[{"id":111,"href":"https:\/\/www.jalkahoitajahangelin.fi\/index.php\/wp-json\/wp\/v2\/pages\/101\/revisions\/111"}],"wp:attachment":[{"href":"https:\/\/www.jalkahoitajahangelin.fi\/index.php\/wp-json\/wp\/v2\/media?parent=101"}],"curies":[{"name":"wp","href":"https:\/\/api.w.org\/{rel}","templated":true}]}}